{"id":133,"date":"2023-01-08T22:40:36","date_gmt":"2023-01-08T21:40:36","guid":{"rendered":"http:\/\/karinebalavoine.fr\/?page_id=133"},"modified":"2023-01-22T21:21:40","modified_gmt":"2023-01-22T20:21:40","slug":"ma-pratique","status":"publish","type":"page","link":"https:\/\/karinebalavoine.fr\/index.php\/ma-pratique\/","title":{"rendered":"Ma pratique"},"content":{"rendered":"\n<div class=\"wp-block-group has-vertical-secondary-to-tertiary-gradient-background has-background is-content-justification-left is-layout-constrained wp-container-core-group-is-layout-12dd3699 wp-block-group-is-layout-constrained\" style=\"border-width:1px\">\n<p class=\"has-large-font-size\" style=\"font-style:normal;font-weight:300\">Qu&rsquo;est-ce qu&rsquo;un psychologue clinicien ?<\/p>\n\n\n\n<p class=\"has-text-align-left\">C&rsquo;est un sp\u00e9cialiste du fonctionnement psychique form\u00e9 en 5 ans \u00e0 la compr\u00e9hension des processus psychiques des individus et \u00e0 la psychopathologie de tous \u00e2ges.<br>La vis\u00e9e de la psychologie clinique est d&rsquo;aider la personne qui rencontre des difficult\u00e9s, une situation de souffrance \u00e0 retrouver un \u00e9quilibre, un apaisement dans sa vie quotidienne.<br>Le psychologue clinicien est psychoth\u00e9rapeute de par sa formation.<br>Son approche d\u00e9pend des formations qu&rsquo;il re\u00e7oit tout au long de sa carri\u00e8re et de sa pratique afin de r\u00e9pondre au mieux aux besoins des personnes rencontr\u00e9es.<\/p>\n\n\n\n<p class=\"has-large-font-size\" style=\"font-style:normal;font-weight:300\">Mon approche<\/p>\n\n\n\n<p>Toute psychoth\u00e9rapie vise un mieux-\u00eatre de la personne dans les divers aspects de sa vie.<br>Si le pass\u00e9 est revisit\u00e9 c&rsquo;est pour que le pr\u00e9sent et l&rsquo;avenir s&rsquo;all\u00e8gent.<br>C&rsquo;est un processus qui peut \u00eatre \u00e0 court, moyen ou long terme, d\u00e9pendant des besoins et objectifs de chaque personne.<br>La psychoth\u00e9rapie est un engagement r\u00e9ciproque et requiert une certaine r\u00e9gularit\u00e9 tenant compte des possibilit\u00e9s de chacun.<\/p>\n\n\n\n<p>En tant que psychoth\u00e9rapeute, je m&rsquo;inscris dans une approche int\u00e9grative, \u00e0 la fois psychodynamique et exp\u00e9rientielle :<\/p>\n\n\n\n<p style=\"font-style:normal;font-weight:700\">Psychoth\u00e9rapie psychodynamique<\/p>\n\n\n\n<p>Cette th\u00e9rapie tend \u00e0 se concentrer sur la compr\u00e9hension dont le pass\u00e9 influence le pr\u00e9sent. Ainsi les objectifs pr\u00e9sents de la vie sont au centre du travail effectu\u00e9. Elle aide les personnes \u00e0 mieux se conna\u00eetre et se comprendre.<br>En aidant la personne \u00e0 identifier ses sch\u00e9mas familiers, elle peut apprendre \u00e0 s&rsquo;en lib\u00e9rer, \u00e0 d\u00e9velopper de nouvelles fa\u00e7ons de se vivre et d&rsquo;interagir avec les autres.<br>Il s&rsquo;agit d&rsquo;une th\u00e9rapie par la parole en face \u00e0 face.<\/p>\n\n\n\n<p style=\"font-style:normal;font-weight:700\">Psychoth\u00e9rapie EMDR<\/p>\n\n\n\n<p>La psychoth\u00e9rapie EMDR (Eye Movement Desensitization and Reprocessing :<br>d\u00e9sensibilisation et retraitement par les mouvements oculaires) est une approche qui permet de retraiter et dig\u00e9rer des m\u00e9moires du pass\u00e9 qui font souffrir dans le pr\u00e9sent.<br>Elle postule que les sympt\u00f4mes et probl\u00e9matiques qu&rsquo;une personne pr\u00e9sente dans sa vie actuelle sont le r\u00e9sultat d&rsquo;exp\u00e9riences de vie douloureuses ou traumatiques stock\u00e9es dans le cerveau de mani\u00e8re inadapt\u00e9e.<br>Ainsi l&rsquo;EMDR relance le traitement adaptatif des m\u00e9moires du pass\u00e9 (par des stimulations bilat\u00e9rales oculaires ou autres) afin qu&rsquo;elles ne g\u00e9n\u00e8rent plus de perturbation chez la personne.<br>La th\u00e9rapie EMDR est valid\u00e9e par l&rsquo;Organisation Mondiale de la Sant\u00e9 (2013) et la Haute Autorit\u00e9 de Sant\u00e9 (2007).<br>Lien pour en savoir plus <a rel=\"noreferrer noopener\" href=\"https:\/\/www.emdr-france.org\/lemdr-cest-quoi\/\" data-type=\"URL\" data-id=\"https:\/\/www.emdr-france.org\/lemdr-cest-quoi\/\" target=\"_blank\">https:\/\/www.emdr-france.org<\/a><\/p>\n\n\n\n<figure class=\"wp-block-image size-large is-style-default\"><img loading=\"lazy\" decoding=\"async\" width=\"1024\" height=\"538\" src=\"http:\/\/karinebalavoine.fr\/wp-content\/uploads\/2023\/01\/Image-2-tetes-1024x538.jpg\" alt=\"\" class=\"wp-image-188\" srcset=\"https:\/\/karinebalavoine.fr\/wp-content\/uploads\/2023\/01\/Image-2-tetes-1024x538.jpg 1024w, https:\/\/karinebalavoine.fr\/wp-content\/uploads\/2023\/01\/Image-2-tetes-300x158.jpg 300w, https:\/\/karinebalavoine.fr\/wp-content\/uploads\/2023\/01\/Image-2-tetes-768x403.jpg 768w, https:\/\/karinebalavoine.fr\/wp-content\/uploads\/2023\/01\/Image-2-tetes.jpg 1200w\" sizes=\"auto, (max-width: 1024px) 100vw, 1024px\" \/><\/figure>\n<\/div>\n","protected":false},"excerpt":{"rendered":"<p>Qu&rsquo;est-ce qu&rsquo;un psychologue clinicien ? C&rsquo;est un sp\u00e9cialiste du fonctionnement psychique form\u00e9 en 5 ans \u00e0 la compr\u00e9hension des processus psychiques des individus et \u00e0 la psychopathologie de tous \u00e2ges.La vis\u00e9e de la psychologie clinique est d&rsquo;aider la personne qui rencontre des difficult\u00e9s, une situation de souffrance \u00e0 retrouver un \u00e9quilibre, un apaisement dans sa [&hellip;]<\/p>\n","protected":false},"author":1,"featured_media":0,"parent":0,"menu_order":2,"comment_status":"closed","ping_status":"closed","template":"","meta":{"footnotes":""},"class_list":["post-133","page","type-page","status-publish","hentry"],"_links":{"self":[{"href":"https:\/\/karinebalavoine.fr\/index.php\/wp-json\/wp\/v2\/pages\/133","targetHints":{"allow":["GET"]}}],"collection":[{"href":"https:\/\/karinebalavoine.fr\/index.php\/wp-json\/wp\/v2\/pages"}],"about":[{"href":"https:\/\/karinebalavoine.fr\/index.php\/wp-json\/wp\/v2\/types\/page"}],"author":[{"embeddable":true,"href":"https:\/\/karinebalavoine.fr\/index.php\/wp-json\/wp\/v2\/users\/1"}],"replies":[{"embeddable":true,"href":"https:\/\/karinebalavoine.fr\/index.php\/wp-json\/wp\/v2\/comments?post=133"}],"version-history":[{"count":14,"href":"https:\/\/karinebalavoine.fr\/index.php\/wp-json\/wp\/v2\/pages\/133\/revisions"}],"predecessor-version":[{"id":341,"href":"https:\/\/karinebalavoine.fr\/index.php\/wp-json\/wp\/v2\/pages\/133\/revisions\/341"}],"wp:attachment":[{"href":"https:\/\/karinebalavoine.fr\/index.php\/wp-json\/wp\/v2\/media?parent=133"}],"curies":[{"name":"wp","href":"https:\/\/api.w.org\/{rel}","templated":true}]}}